[INFO] cloning repository https://github.com/Jorge-Duran-Pinto/NTF_CONTRACT
[INFO] running `Command { std: "git" "-c" "credential.helper=" "-c" "credential.helper=/workspace/cargo-home/bin/git-credential-null" "clone" "--bare" "https://github.com/Jorge-Duran-Pinto/NTF_CONTRACT" "/workspace/cache/git-repos/https%3A%2F%2Fgithub.com%2FJorge-Duran-Pinto%2FNTF_CONTRACT", kill_on_drop: false }`
[INFO] [stderr] Cloning into bare repository '/workspace/cache/git-repos/https%3A%2F%2Fgithub.com%2FJorge-Duran-Pinto%2FNTF_CONTRACT'...
[INFO] running `Command { std: "git" "rev-parse" "HEAD", kill_on_drop: false }`
[INFO] [stdout] 8d44ebc164398256ba2f50312ac429790dcfe865
[INFO] checking Jorge-Duran-Pinto/NTF_CONTRACT against master#e6e4f7ed1589e03bc2f6c5931c1a72e7947e8682 for beta-170-4
[INFO] running `Command { std: "git" "clone" "/workspace/cache/git-repos/https%3A%2F%2Fgithub.com%2FJorge-Duran-Pinto%2FNTF_CONTRACT" "/workspace/builds/worker-4-tc2/source", kill_on_drop: false }`
[INFO] [stderr] Cloning into '/workspace/builds/worker-4-tc2/source'...
[INFO] [stderr] done.
[INFO] validating manifest of git repo https://github.com/Jorge-Duran-Pinto/NTF_CONTRACT on toolchain e6e4f7ed1589e03bc2f6c5931c1a72e7947e8682
[INFO] running `Command { std: CARGO_HOME="/workspace/cargo-home" RUSTUP_HOME="/workspace/rustup-home" "/workspace/cargo-home/bin/cargo" "+e6e4f7ed1589e03bc2f6c5931c1a72e7947e8682" "metadata" "--manifest-path" "Cargo.toml" "--no-deps", kill_on_drop: false }`
[INFO] removed /workspace/builds/worker-4-tc2/source/.cargo/config
[INFO] started tweaking git repo https://github.com/Jorge-Duran-Pinto/NTF_CONTRACT
[INFO] finished tweaking git repo https://github.com/Jorge-Duran-Pinto/NTF_CONTRACT
[INFO] tweaked toml for git repo https://github.com/Jorge-Duran-Pinto/NTF_CONTRACT written to /workspace/builds/worker-4-tc2/source/Cargo.toml
[INFO] crate git repo https://github.com/Jorge-Duran-Pinto/NTF_CONTRACT already has a lockfile, it will not be regenerated
[INFO] running `Command { std: CARGO_HOME="/workspace/cargo-home" RUSTUP_HOME="/workspace/rustup-home" "/workspace/cargo-home/bin/cargo" "+e6e4f7ed1589e03bc2f6c5931c1a72e7947e8682" "fetch" "--manifest-path" "Cargo.toml", kill_on_drop: false }`
[INFO] running `Command { std: "docker" "create" "-v" "/var/lib/crater-agent-workspace/builds/worker-4-tc2/target:/opt/rustwide/target:rw,Z" "-v" "/var/lib/crater-agent-workspace/builds/worker-4-tc2/source:/opt/rustwide/workdir:ro,Z" "-v" "/var/lib/crater-agent-workspace/cargo-home:/opt/rustwide/cargo-home:ro,Z" "-v" "/var/lib/crater-agent-workspace/rustup-home:/opt/rustwide/rustup-home:ro,Z" "-e" "SOURCE_DIR=/opt/rustwide/workdir" "-e" "CARGO_TARGET_DIR=/opt/rustwide/target" "-e" "CARGO_HOME=/opt/rustwide/cargo-home" "-e" "RUSTUP_HOME=/opt/rustwide/rustup-home" "-w" "/opt/rustwide/workdir" "-m" "1610612736" "--user" "0:0" "--network" "none" "ghcr.io/rust-lang/crates-build-env/linux@sha256:19e73879b68f455e41552ea35293514db52ea292d993f571636dbffedb77a1ee" "/opt/rustwide/cargo-home/bin/cargo" "+e6e4f7ed1589e03bc2f6c5931c1a72e7947e8682" "metadata" "--no-deps" "--format-version=1", kill_on_drop: false }`
[INFO] [stdout] 7dd127dff8bb53c00181cb0a13c34445ab77a6440ea0ed9537f11ed75d3df22e
[INFO] running `Command { std: "docker" "start" "-a" "7dd127dff8bb53c00181cb0a13c34445ab77a6440ea0ed9537f11ed75d3df22e", kill_on_drop: false }`
[INFO] running `Command { std: "docker" "inspect" "7dd127dff8bb53c00181cb0a13c34445ab77a6440ea0ed9537f11ed75d3df22e", kill_on_drop: false }`
[INFO] running `Command { std: "docker" "rm" "-f" "7dd127dff8bb53c00181cb0a13c34445ab77a6440ea0ed9537f11ed75d3df22e", kill_on_drop: false }`
[INFO] [stdout] 7dd127dff8bb53c00181cb0a13c34445ab77a6440ea0ed9537f11ed75d3df22e
[INFO] running `Command { std: "docker" "create" "-v" "/var/lib/crater-agent-workspace/builds/worker-4-tc2/target:/opt/rustwide/target:rw,Z" "-v" "/var/lib/crater-agent-workspace/builds/worker-4-tc2/source:/opt/rustwide/workdir:ro,Z" "-v" "/var/lib/crater-agent-workspace/cargo-home:/opt/rustwide/cargo-home:ro,Z" "-v" "/var/lib/crater-agent-workspace/rustup-home:/opt/rustwide/rustup-home:ro,Z" "-e" "SOURCE_DIR=/opt/rustwide/workdir" "-e" "CARGO_TARGET_DIR=/opt/rustwide/target" "-e" "CARGO_INCREMENTAL=0" "-e" "RUST_BACKTRACE=full" "-e" "RUSTFLAGS=--cap-lints=forbid" "-e" "RUSTDOCFLAGS=--cap-lints=forbid" "-e" "CARGO_HOME=/opt/rustwide/cargo-home" "-e" "RUSTUP_HOME=/opt/rustwide/rustup-home" "-w" "/opt/rustwide/workdir" "-m" "1610612736" "--user" "0:0" "--network" "none" "ghcr.io/rust-lang/crates-build-env/linux@sha256:19e73879b68f455e41552ea35293514db52ea292d993f571636dbffedb77a1ee" "/opt/rustwide/cargo-home/bin/cargo" "+e6e4f7ed1589e03bc2f6c5931c1a72e7947e8682" "check" "--frozen" "--all" "--all-targets" "--message-format=json", kill_on_drop: false }`
[INFO] [stdout] b8a83c60ac7a26f95c54c8fdfd6c9a04ef4f14dc8a28a2129fcfe73f3cf10909
[INFO] running `Command { std: "docker" "start" "-a" "b8a83c60ac7a26f95c54c8fdfd6c9a04ef4f14dc8a28a2129fcfe73f3cf10909", kill_on_drop: false }`
[INFO] [stderr]    Compiling proc-macro2 v1.0.28
[INFO] [stderr]    Compiling libc v0.2.99
[INFO] [stderr]    Compiling syn v1.0.74
[INFO] [stderr]     Checking subtle v2.4.1
[INFO] [stderr]    Compiling serde_derive v1.0.127
[INFO] [stderr]    Compiling serde v1.0.127
[INFO] [stderr]     Checking zeroize v1.4.1
[INFO] [stderr]     Checking const-oid v0.6.0
[INFO] [stderr]     Checking byteorder v1.4.3
[INFO] [stderr]     Checking crypto-mac v0.11.1
[INFO] [stderr]     Checking der v0.4.1
[INFO] [stderr]     Checking cpufeatures v0.1.5
[INFO] [stderr]    Compiling serde_json v1.0.66
[INFO] [stderr]     Checking sha2 v0.9.5
[INFO] [stderr]     Checking hmac v0.11.0
[INFO] [stderr]    Compiling schemars v0.8.3
[INFO] [stderr]     Checking itoa v0.4.7
[INFO] [stderr]    Compiling crunchy v0.2.2
[INFO] [stderr]     Checking spki v0.4.0
[INFO] [stderr]     Checking dyn-clone v1.0.4
[INFO] [stderr]     Checking pkcs8 v0.7.5
[INFO] [stderr]    Compiling quote v1.0.9
[INFO] [stderr]     Checking uint v0.9.1
[INFO] [stderr]     Checking getrandom v0.2.3
[INFO] [stderr]     Checking getrandom v0.1.16
[INFO] [stderr]     Checking rand_core v0.6.3
[INFO] [stderr]     Checking rand_core v0.5.1
[INFO] [stderr]     Checking ff v0.10.0
[INFO] [stderr]     Checking crypto-bigint v0.2.2
[INFO] [stderr]     Checking signature v1.3.1
[INFO] [stderr]     Checking curve25519-dalek v3.2.0
[INFO] [stderr]     Checking group v0.10.0
[INFO] [stderr]     Checking elliptic-curve v0.10.5
[INFO] [stderr]     Checking ecdsa v0.12.3
[INFO] [stderr]     Checking k256 v0.9.6
[INFO] [stderr]    Compiling serde_derive_internals v0.25.0
[INFO] [stderr]    Compiling thiserror-impl v1.0.26
[INFO] [stderr]    Compiling schemars_derive v0.8.3
[INFO] [stderr]    Compiling cosmwasm-derive v0.16.0
[INFO] [stderr]     Checking thiserror v1.0.26
[INFO] [stderr]     Checking ed25519-zebra v2.2.0
[INFO] [stderr]     Checking serde-json-wasm v0.3.1
[INFO] [stderr]     Checking cosmwasm-crypto v0.16.0
[INFO] [stderr]     Checking cosmwasm-std v0.16.0
[INFO] [stderr]     Checking cosmwasm-schema v0.16.0
[INFO] [stderr]     Checking cw0 v0.8.1
[INFO] [stderr]     Checking cw-storage-plus v0.8.1
[INFO] [stderr]     Checking cosmwasm-storage v0.16.0
[INFO] [stderr]     Checking cw721 v0.8.1
[INFO] [stderr]     Checking cw2 v0.8.1
[INFO] [stderr]     Checking nft v0.1.0 (/opt/rustwide/workdir)
[INFO] [stdout] warning: unused imports: `Binary`, `BlockInfo`, `Deps`, `Order`, `Pair`, `StdError`, `to_binary`
[INFO] [stdout]  --> src/contract.rs:5:5
[INFO] [stdout]   |
[INFO] [stdout] 5 |     to_binary, Binary, BlockInfo, Deps, DepsMut, Env, MessageInfo, Order, Pair, Response, StdError,
[INFO] [stdout]   |     ^^^^^^^^^  ^^^^^^  ^^^^^^^^^  ^^^^                             ^^^^^  ^^^^            ^^^^^^^^
[INFO] [stdout]   |
[INFO] [stdout]   = note: `#[warn(unused_imports)]` on by default
[INFO] [stdout] 
[INFO] [stdout] 
[INFO] [stdout] warning: unused import: `cw0::maybe_addr`
[INFO] [stdout]  --> src/contract.rs:9:5
[INFO] [stdout]   |
[INFO] [stdout] 9 | use cw0::maybe_addr;
[INFO] [stdout]   |     ^^^^^^^^^^^^^^^
[INFO] [stdout] 
[INFO] [stdout] 
[INFO] [stdout] warning: unused imports: `AllNftInfoResponse`, `ApprovedForAllResponse`, `Cw721ReceiveMsg`, `Expiration`, `NftInfoResponse`, `NumTokensResponse`, `OwnerOfResponse`, `TokensResponse`
[INFO] [stdout]   --> src/contract.rs:12:5
[INFO] [stdout]    |
[INFO] [stdout] 12 |     AllNftInfoResponse, ApprovedForAllResponse, ContractInfoResponse, Cw721ReceiveMsg, Expiration,
[INFO] [stdout]    |     ^^^^^^^^^^^^^^^^^^  ^^^^^^^^^^^^^^^^^^^^^^                        ^^^^^^^^^^^^^^^  ^^^^^^^^^^
[INFO] [stdout] 13 |     NftInfoResponse, NumTokensResponse, OwnerOfResponse, TokensResponse,
[INFO] [stdout]    |     ^^^^^^^^^^^^^^^  ^^^^^^^^^^^^^^^^^  ^^^^^^^^^^^^^^^  ^^^^^^^^^^^^^^
[INFO] [stdout] 
[INFO] [stdout] 
[INFO] [stdout] warning: unused imports: `MintMsg`, `MinterResponse`, `QueryMsg`
[INFO] [stdout]   --> src/contract.rs:17:46
[INFO] [stdout]    |
[INFO] [stdout] 17 | use crate::msg::{ExecuteMsg, InstantiateMsg, MintMsg, MinterResponse, QueryMsg};
[INFO] [stdout]    |                                              ^^^^^^^  ^^^^^^^^^^^^^^  ^^^^^^^^
[INFO] [stdout] 
[INFO] [stdout] 
[INFO] [stdout] warning: unused imports: `Approval`, `OPERATORS`, `TokenInfo`, `increment_tokens`, `num_tokens`, `tokens`
[INFO] [stdout]   --> src/contract.rs:19:5
[INFO] [stdout]    |
[INFO] [stdout] 19 |     increment_tokens, num_tokens, tokens, Approval, TokenInfo, CONTRACT_INFO, MINTER, OPERATORS,
[INFO] [stdout]    |     ^^^^^^^^^^^^^^^^  ^^^^^^^^^^  ^^^^^^  ^^^^^^^^  ^^^^^^^^^                         ^^^^^^^^^
[INFO] [stdout] 
[INFO] [stdout] 
[INFO] [stdout] warning: unused import: `cw_storage_plus::Bound`
[INFO] [stdout]   --> src/contract.rs:21:5
[INFO] [stdout]    |
[INFO] [stdout] 21 | use cw_storage_plus::Bound;
[INFO] [stdout]    |     ^^^^^^^^^^^^^^^^^^^^^^
[INFO] [stdout] 
[INFO] [stdout] 
[INFO] [stdout] warning: unused import: `std::env`
[INFO] [stdout]  --> src/state.rs:1:5
[INFO] [stdout]   |
[INFO] [stdout] 1 | use std::env;
[INFO] [stdout]   |     ^^^^^^^^
[INFO] [stdout] 
[INFO] [stdout] 
[INFO] [stdout] warning: unused imports: `Binary`, `BlockInfo`, `Deps`, `Order`, `Pair`, `StdError`, `to_binary`
[INFO] [stdout]  --> src/contract.rs:5:5
[INFO] [stdout]   |
[INFO] [stdout] 5 |     to_binary, Binary, BlockInfo, Deps, DepsMut, Env, MessageInfo, Order, Pair, Response, StdError,
[INFO] [stdout]   |     ^^^^^^^^^  ^^^^^^  ^^^^^^^^^  ^^^^                             ^^^^^  ^^^^            ^^^^^^^^
[INFO] [stdout]   |
[INFO] [stdout]   = note: `#[warn(unused_imports)]` on by default
[INFO] [stdout] 
[INFO] [stdout] 
[INFO] [stdout] warning: unused import: `cw0::maybe_addr`
[INFO] [stdout]  --> src/contract.rs:9:5
[INFO] [stdout]   |
[INFO] [stdout] 9 | use cw0::maybe_addr;
[INFO] [stdout]   |     ^^^^^^^^^^^^^^^
[INFO] [stdout] 
[INFO] [stdout] 
[INFO] [stdout] warning: unused imports: `AllNftInfoResponse`, `ApprovedForAllResponse`, `Cw721ReceiveMsg`, `Expiration`, `NftInfoResponse`, `NumTokensResponse`, `OwnerOfResponse`, `TokensResponse`
[INFO] [stdout]   --> src/contract.rs:12:5
[INFO] [stdout]    |
[INFO] [stdout] 12 |     AllNftInfoResponse, ApprovedForAllResponse, ContractInfoResponse, Cw721ReceiveMsg, Expiration,
[INFO] [stdout]    |     ^^^^^^^^^^^^^^^^^^  ^^^^^^^^^^^^^^^^^^^^^^                        ^^^^^^^^^^^^^^^  ^^^^^^^^^^
[INFO] [stdout] 13 |     NftInfoResponse, NumTokensResponse, OwnerOfResponse, TokensResponse,
[INFO] [stdout]    |     ^^^^^^^^^^^^^^^  ^^^^^^^^^^^^^^^^^  ^^^^^^^^^^^^^^^  ^^^^^^^^^^^^^^
[INFO] [stdout] 
[INFO] [stdout] 
[INFO] [stdout] warning: unused imports: `MinterResponse`, `QueryMsg`
[INFO] [stdout]   --> src/contract.rs:17:55
[INFO] [stdout]    |
[INFO] [stdout] 17 | use crate::msg::{ExecuteMsg, InstantiateMsg, MintMsg, MinterResponse, QueryMsg};
[INFO] [stdout]    |                                                       ^^^^^^^^^^^^^^  ^^^^^^^^
[INFO] [stdout] 
[INFO] [stdout] 
[INFO] [stdout] warning: unused imports: `Approval`, `OPERATORS`, `TokenInfo`, `increment_tokens`, `num_tokens`, `tokens`
[INFO] [stdout]   --> src/contract.rs:19:5
[INFO] [stdout]    |
[INFO] [stdout] 19 |     increment_tokens, num_tokens, tokens, Approval, TokenInfo, CONTRACT_INFO, MINTER, OPERATORS,
[INFO] [stdout]    |     ^^^^^^^^^^^^^^^^  ^^^^^^^^^^  ^^^^^^  ^^^^^^^^  ^^^^^^^^^                         ^^^^^^^^^
[INFO] [stdout] 
[INFO] [stdout] 
[INFO] [stdout] warning: unused import: `cw_storage_plus::Bound`
[INFO] [stdout]   --> src/contract.rs:21:5
[INFO] [stdout]    |
[INFO] [stdout] 21 | use cw_storage_plus::Bound;
[INFO] [stdout]    |     ^^^^^^^^^^^^^^^^^^^^^^
[INFO] [stdout] 
[INFO] [stdout] 
[INFO] [stdout] warning: unused import: `from_binary`
[INFO] [stdout]   --> src/contract.rs:91:31
[INFO] [stdout]    |
[INFO] [stdout] 91 |     use cosmwasm_std::{coins, from_binary};
[INFO] [stdout]    |                               ^^^^^^^^^^^
[INFO] [stdout] 
[INFO] [stdout] 
[INFO] [stdout] warning: unused import: `std::env`
[INFO] [stdout]  --> src/state.rs:1:5
[INFO] [stdout]   |
[INFO] [stdout] 1 | use std::env;
[INFO] [stdout]   |     ^^^^^^^^
[INFO] [stdout] 
[INFO] [stdout] 
[INFO] [stdout] error[E0533]: expected unit struct, unit variant or constant, found struct variant `ExecuteMsg::TransferNft`
[INFO] [stdout]   --> src/contract.rs:62:9
[INFO] [stdout]    |
[INFO] [stdout] 62 |         ExecuteMsg::TransferNft => (),
[INFO] [stdout]    |         ^^^^^^^^^^^^^^^^^^^^^^^ not a unit struct, unit variant or constant
[INFO] [stdout] 
[INFO] [stdout] 
[INFO] [stdout] error[E0533]: expected unit struct, unit variant or constant, found struct variant `ExecuteMsg::SendNft`
[INFO] [stdout]   --> src/contract.rs:63:9
[INFO] [stdout]    |
[INFO] [stdout] 63 |         ExecuteMsg::SendNft => (),
[INFO] [stdout]    |         ^^^^^^^^^^^^^^^^^^^ not a unit struct, unit variant or constant
[INFO] [stdout] 
[INFO] [stdout] 
[INFO] [stdout] error[E0533]: expected unit struct, unit variant or constant, found struct variant `ExecuteMsg::Approve`
[INFO] [stdout]   --> src/contract.rs:64:9
[INFO] [stdout]    |
[INFO] [stdout] 64 |         ExecuteMsg::Approve => (),
[INFO] [stdout]    |         ^^^^^^^^^^^^^^^^^^^ not a unit struct, unit variant or constant
[INFO] [stdout] 
[INFO] [stdout] 
[INFO] [stdout] error[E0533]: expected unit struct, unit variant or constant, found struct variant `ExecuteMsg::Revoke`
[INFO] [stdout]   --> src/contract.rs:65:9
[INFO] [stdout]    |
[INFO] [stdout] 65 |         ExecuteMsg::Revoke => (),
[INFO] [stdout]    |         ^^^^^^^^^^^^^^^^^^ not a unit struct, unit variant or constant
[INFO] [stdout] 
[INFO] [stdout] 
[INFO] [stdout] error[E0533]: expected unit struct, unit variant or constant, found struct variant `ExecuteMsg::ApproveAll`
[INFO] [stdout]   --> src/contract.rs:66:9
[INFO] [stdout]    |
[INFO] [stdout] 66 |         ExecuteMsg::ApproveAll => (),
[INFO] [stdout]    |         ^^^^^^^^^^^^^^^^^^^^^^ not a unit struct, unit variant or constant
[INFO] [stdout] 
[INFO] [stdout] 
[INFO] [stdout] error[E0533]: expected unit struct, unit variant or constant, found struct variant `ExecuteMsg::RevokeAll`
[INFO] [stdout]   --> src/contract.rs:67:9
[INFO] [stdout]    |
[INFO] [stdout] 67 |         ExecuteMsg::RevokeAll => (),
[INFO] [stdout]    |         ^^^^^^^^^^^^^^^^^^^^^ not a unit struct, unit variant or constant
[INFO] [stdout] 
[INFO] [stdout] 
[INFO] [stdout] error[E0533]: expected unit struct, unit variant or constant, found struct variant `ExecuteMsg::TransferNft`
[INFO] [stdout]   --> src/contract.rs:62:9
[INFO] [stdout]    |
[INFO] [stdout] 62 |         ExecuteMsg::TransferNft => (),
[INFO] [stdout]    |         ^^^^^^^^^^^^^^^^^^^^^^^ not a unit struct, unit variant or constant
[INFO] [stdout] 
[INFO] [stdout] 
[INFO] [stdout] error[E0533]: expected unit struct, unit variant or constant, found struct variant `ExecuteMsg::SendNft`
[INFO] [stdout]   --> src/contract.rs:63:9
[INFO] [stdout]    |
[INFO] [stdout] 63 |         ExecuteMsg::SendNft => (),
[INFO] [stdout]    |         ^^^^^^^^^^^^^^^^^^^ not a unit struct, unit variant or constant
[INFO] [stdout] 
[INFO] [stdout] 
[INFO] [stdout] error[E0533]: expected unit struct, unit variant or constant, found struct variant `ExecuteMsg::Approve`
[INFO] [stdout]   --> src/contract.rs:64:9
[INFO] [stdout]    |
[INFO] [stdout] 64 |         ExecuteMsg::Approve => (),
[INFO] [stdout]    |         ^^^^^^^^^^^^^^^^^^^ not a unit struct, unit variant or constant
[INFO] [stdout] 
[INFO] [stdout] 
[INFO] [stdout] error[E0533]: expected unit struct, unit variant or constant, found struct variant `ExecuteMsg::Revoke`
[INFO] [stdout]   --> src/contract.rs:65:9
[INFO] [stdout]    |
[INFO] [stdout] 65 |         ExecuteMsg::Revoke => (),
[INFO] [stdout]    |         ^^^^^^^^^^^^^^^^^^ not a unit struct, unit variant or constant
[INFO] [stdout] 
[INFO] [stdout] 
[INFO] [stdout] error[E0533]: expected unit struct, unit variant or constant, found struct variant `ExecuteMsg::ApproveAll`
[INFO] [stdout]   --> src/contract.rs:66:9
[INFO] [stdout]    |
[INFO] [stdout] 66 |         ExecuteMsg::ApproveAll => (),
[INFO] [stdout]    |         ^^^^^^^^^^^^^^^^^^^^^^ not a unit struct, unit variant or constant
[INFO] [stdout] 
[INFO] [stdout] 
[INFO] [stdout] error[E0533]: expected unit struct, unit variant or constant, found struct variant `ExecuteMsg::RevokeAll`
[INFO] [stdout]   --> src/contract.rs:67:9
[INFO] [stdout]    |
[INFO] [stdout] 67 |         ExecuteMsg::RevokeAll => (),
[INFO] [stdout]    |         ^^^^^^^^^^^^^^^^^^^^^ not a unit struct, unit variant or constant
[INFO] [stdout] 
[INFO] [stdout] 
[INFO] [stdout] error[E0308]: mismatched types
[INFO] [stdout]   --> src/contract.rs:61:64
[INFO] [stdout]    |
[INFO] [stdout] 61 |         ExecuteMsg::Mint(msg) => execute_mint(deps, _env, info,msg),
[INFO] [stdout]    |                                  ------------                  ^^^ expected `ExecuteMsg`, found `MintMsg`
[INFO] [stdout]    |                                  |
[INFO] [stdout]    |                                  arguments to this function are incorrect
[INFO] [stdout]    |
[INFO] [stdout] note: function defined here
[INFO] [stdout]   --> src/contract.rs:72:8
[INFO] [stdout]    |
[INFO] [stdout] 72 | pub fn execute_mint(
[INFO] [stdout]    |        ^^^^^^^^^^^^
[INFO] [stdout] ...
[INFO] [stdout] 76 |     msg: ExecuteMsg,
[INFO] [stdout]    |     ---------------
[INFO] [stdout] help: try wrapping the expression in `msg::ExecuteMsg::Mint`
[INFO] [stdout]    |
[INFO] [stdout] 61 |         ExecuteMsg::Mint(msg) => execute_mint(deps, _env, info,msg::ExecuteMsg::Mint(msg)),
[INFO] [stdout]    |                                                                ++++++++++++++++++++++   +
[INFO] [stdout] 
[INFO] [stdout] 
[INFO] [stdout] error[E0308]: mismatched types
[INFO] [stdout]   --> src/contract.rs:61:64
[INFO] [stdout]    |
[INFO] [stdout] 61 |         ExecuteMsg::Mint(msg) => execute_mint(deps, _env, info,msg),
[INFO] [stdout]    |                                  ------------                  ^^^ expected `ExecuteMsg`, found `MintMsg`
[INFO] [stdout]    |                                  |
[INFO] [stdout]    |                                  arguments to this function are incorrect
[INFO] [stdout]    |
[INFO] [stdout] note: function defined here
[INFO] [stdout]   --> src/contract.rs:72:8
[INFO] [stdout]    |
[INFO] [stdout] 72 | pub fn execute_mint(
[INFO] [stdout]    |        ^^^^^^^^^^^^
[INFO] [stdout] ...
[INFO] [stdout] 76 |     msg: ExecuteMsg,
[INFO] [stdout]    |     ---------------
[INFO] [stdout] help: try wrapping the expression in `msg::ExecuteMsg::Mint`
[INFO] [stdout]    |
[INFO] [stdout] 61 |         ExecuteMsg::Mint(msg) => execute_mint(deps, _env, info,msg::ExecuteMsg::Mint(msg)),
[INFO] [stdout]    |                                                                ++++++++++++++++++++++   +
[INFO] [stdout] 
[INFO] [stdout] 
[INFO] [stdout] error[E0308]: `match` arms have incompatible types
[INFO] [stdout]   --> src/contract.rs:62:36
[INFO] [stdout]    |
[INFO] [stdout] 60 | /     match msg {
[INFO] [stdout] 61 | |         ExecuteMsg::Mint(msg) => execute_mint(deps, _env, info,msg),
[INFO] [stdout]    | |                                  ---------------------------------- this is found to be of type `Result<Response, ContractError>`
[INFO] [stdout] 62 | |         ExecuteMsg::TransferNft => (),
[INFO] [stdout]    | |                                    ^^ expected `Result<Response, ContractError>`, found `()`
[INFO] [stdout] 63 | |         ExecuteMsg::SendNft => (),
[INFO] [stdout] ...  |
[INFO] [stdout] 67 | |         ExecuteMsg::RevokeAll => (),
[INFO] [stdout] 68 | |     }
[INFO] [stdout]    | |_____- `match` arms have incompatible types
[INFO] [stdout]    |
[INFO] [stdout]    = note:   expected enum `Result<Response, ContractError>`
[INFO] [stdout]            found unit type `()`
[INFO] [stdout] 
[INFO] [stdout] 
[INFO] [stdout] error[E0308]: `match` arms have incompatible types
[INFO] [stdout]   --> src/contract.rs:62:36
[INFO] [stdout]    |
[INFO] [stdout] 60 | /     match msg {
[INFO] [stdout] 61 | |         ExecuteMsg::Mint(msg) => execute_mint(deps, _env, info,msg),
[INFO] [stdout]    | |                                  ---------------------------------- this is found to be of type `Result<Response, ContractError>`
[INFO] [stdout] 62 | |         ExecuteMsg::TransferNft => (),
[INFO] [stdout]    | |                                    ^^ expected `Result<Response, ContractError>`, found `()`
[INFO] [stdout] 63 | |         ExecuteMsg::SendNft => (),
[INFO] [stdout] ...  |
[INFO] [stdout] 67 | |         ExecuteMsg::RevokeAll => (),
[INFO] [stdout] 68 | |     }
[INFO] [stdout]    | |_____- `match` arms have incompatible types
[INFO] [stdout]    |
[INFO] [stdout]    = note:   expected enum `Result<Response, ContractError>`
[INFO] [stdout]            found unit type `()`
[INFO] [stdout] 
[INFO] [stdout] 
[INFO] [stdout] error: aborting due to 8 previous errors; 8 warnings emitted
[INFO] [stdout] 
[INFO] [stdout] 
[INFO] [stdout] Some errors have detailed explanations: E0308, E0533.
[INFO] [stdout] 
[INFO] [stdout] For more information about an error, try `rustc --explain E0308`.
[INFO] [stdout] 
[INFO] [stdout] error: aborting due to 8 previous errors; 7 warnings emitted
[INFO] [stdout] 
[INFO] [stdout] 
[INFO] [stdout] Some errors have detailed explanations: E0308, E0533.
[INFO] [stdout] 
[INFO] [stdout] For more information about an error, try `rustc --explain E0308`.
[INFO] [stdout] 
[INFO] [stderr] error: could not compile `nft` (lib test) due to 9 previous errors; 8 warnings emitted
[INFO] [stderr] warning: build failed, waiting for other jobs to finish...
[INFO] [stderr] error: could not compile `nft` (lib) due to 9 previous errors; 7 warnings emitted
[INFO] running `Command { std: "docker" "inspect" "b8a83c60ac7a26f95c54c8fdfd6c9a04ef4f14dc8a28a2129fcfe73f3cf10909", kill_on_drop: false }`
[INFO] running `Command { std: "docker" "rm" "-f" "b8a83c60ac7a26f95c54c8fdfd6c9a04ef4f14dc8a28a2129fcfe73f3cf10909", kill_on_drop: false }`
[INFO] [stdout] b8a83c60ac7a26f95c54c8fdfd6c9a04ef4f14dc8a28a2129fcfe73f3cf10909
